400000 (base 5) in base 3?
12101202012
11111100110110001 (base 2) to base 9
216521
What is -314425 (base 8) in base 12?
-50731
Convert 12001002001021 (base 3) to base 9.
5032037
What is -82118 (base 10) in base 12?
-3b632
1415069 (base 11) to base 4
21103000100
What is -1202201101201 (base 3) in base 8?
-3452351
What is 10024043 (base 5) in base 8?
234032
-49662 (base 10) to base 2
-1100000111111110
19b271 (base 12) to base 7
3603025
Convert -3b07c5 (base 13) to base 14.
-292cb8
What is -6ceb1 (base 15) in base 5?
-42110231
Convert 111010010000010011 (base 2) to base 8.
722023
-111000001010110101 (base 2) to base 11
-147944
61cdaa (base 14) to base 13
8b7660
What is 13000203 (base 4) in base 14?
a667
Convert 103321203 (base 4) to base 12.
3b203
Convert a29399 (base 11) to base 8.
6233022
-73660 (base 15) to base 2
-1011001010101110100
Convert -1d2c5 (base 15) to base 5.
-11021020
What is -a5855e (base 15) in base 13?
-1829621
What is 132095 (base 15) in base 14?
19c856
Convert 1c06b2 (base 15) to base 2.
101001110000101001000
What is 26c978 (base 14) in base 3?
2112010102112
Convert 95352 (base 11) to base 15.
2b214
-1010111011100101111 (base 2) to base 11
-225129
What is 101100010111000010111 (base 2) in base 4?
11202320113
What is 757122 (base 8) in base 16?
3de52
Convert -178389 (base 13) to base 14.
-114b32
What is -15600b (base 16) in base 3?
-2122011121002
Convert -1422a7 (base 14) to base 6.
-22541123
Convert -467253 (base 8) to base 5.
-20100103
Convert -1100100110111110001 (base 2) to base 15.
-82649
Convert 444561 (base 7) to base 8.
231234
857617 (base 10) to base 12
354381
Convert -237d0 (base 14) to base 13.
-3056c
What is -6b2604 (base 15) in base 6?
-301433221
-7d9585 (base 14) to base 5
-2044234334
Convert -1010001001111100010111 (base 2) to base 14.
-4d426b
Convert 20401323 (base 5) to base 4.
221100003
What is 32422232 (base 6) in base 9?
1733842
What is -2028e3 (base 16) in base 13?
-58a417
Convert 18aa8 (base 12) to base 16.
8d20
180339 (base 10) to base 7
1350525
Convert 223224100 (base 6) to base 8.
17435044
Convert -20443022 (base 5) to base 2.
-101001111001110101
What is -854a62 (base 12) in base 4?
-20001113222
What is 134b7 (base 15) in base 2?
1111000101111110
-3883c (base 13) to base 11
-716a8
Convert 11000110010011110000001 (base 2) to base 5.
3130420202
-591722 (base 10) to base 11
-37462a
Convert -20104024 (base 6) to base 15.
-b36bd
What is 176455 (base 10) in base 2?
101011000101000111
25a448 (base 15) to base 9
3353155
10333231 (base 5) to base 14
24a36
What is 226ba (base 14) in base 8?
243314
Convert -3e238 (base 16) to base 12.
-103360
Convert -5277031 (base 8) to base 6.
-50105001
1226612 (base 7) to base 5
20032201
103211112 (base 4) to base 3
11002000220
Convert 2966244 (base 10) to base 5.
1224404434
704290 (base 10) to base 13
1b8752
What is -b3873d (base 14) in base 5?
-3022222231
What is 1031707 (base 8) in base 15?
568ee
Convert 11224023 (base 5) to base 16.
18d83
What is -35ba47 (base 16) in base 13?
-9638b6
Convert 12052504 (base 6) to base 3.
201022201211
Convert 12104103 (base 5) to base 10.
113028
What is 170775 (base 9) in base 13?
390bc
135181 (base 9) to base 16
14263
What is -1032123334 (base 5) in base 15?
-2ddc99
-624535 (base 7) to base 14
-2b155
What is 95923 (base 15) in base 11?
2a45a7
Convert 10221221022020 (base 3) to base 14.
3cb101
What is 2211010220000 (base 3) in base 5?
340424433
What is -116251 (base 8) in base 13?
-15340
What is -220212122020200 (base 3) in base 4?
-302123200122
What is 4144104 (base 5) in base 8?
206056
Convert 3688180 (base 9) to base 6.
111004030
-228a05 (base 13) to base 6
-25315323
Convert 27a0451 (base 12) to base 10.
7921789
What is 372078 (base 9) in base 4?
312311123
What is 11023241322 (base 5) in base 12?
3bb4505
Convert -3161663 (base 8) to base 15.
-11a44d
40122 (base 5) to base 12
1575
What is 33842 (base 11) in base 16?
bf22
Convert 17a1b (base 12) to base 5.
2044140
What is 91955 (base 12) in base 11?
11a597
What is 101042244 (base 5) in base 8?
1436762
-1483172 (base 10) to base 9
-2710468
4120203 (base 6) to base 7
1450353
-22012111200001 (base 3) to base 16
-4286e3
59513 (base 15) to base 11
184947
-121211000202 (base 3) to base 13
-b7866
Convert -682437 (base 10) to base 7.
-5541420
What is 98985 (base 10) in base 5?
11131420
Convert 163288 (base 13) to base 9.
1027037
What is -102024312 (base 5) in base 12?
-18524b
757762 (base 8) to base 6
5235350
-49087 (base 15) to base 7
-1660210
13615a (base 13) to base 8
1626602
Convert -1001010010100010 (base 2) to base 9.
-57167
What is 1a26455 (base 11) in base 5?
1333414013
Convert a7719 (base 11) to base 6.
3204550
Convert -224a044 (base 11) to base 4.
-33001031322
-5251632 (base 7) to base 6
-21333340
Convert -34320033 (base 5) to base 10.
-307518
-544305531 (base 6) to base 14
-1413807
Convert -11303030032 (base 5) to base 11.
-7338614
What is -246647 (base 12) in base 8?
-2204027
Convert -202403 (base 6) to base 8.
-37403
Convert -27056 (base 9) to base 6.
-220340
Convert -dcdd58 (base 16) to base 9.
-30211351
269685 (base 10) to base 6
5440313
What is 4502a64 (base 11) in base 10?
7895441
-234054133 (base 7) to base 4
-313100030311
Convert -235947 (base 13) to base 5.
-203401314
-772046 (base 11) to base 10
-1232556
Convert 561dc2 (base 15) to base 13.
b0a554
What is 1870e8 (base 15) in base 4?
10202011322
4756440 (base 8) to base 2
100111101110100100000
-2168578 (base 14) to base 5
-13024203210
1a1a00 (base 16) to base 7
20353102
Convert -15b85a (base 12) to base 13.
-100876
Convert -14754 (base 16) to base 9.
-136846
What is 2013332021 (base 4) in base 12?
22a375
Convert -105834 (base 9) to base 15.
-13b9d
15916226 (base 10) to base 14
2184534
What is -41186 (base 13) in base 8?
-343760
Convert 1011110111111111101000 (base 2) to base 4.
23313333220
33002341 (base 7) to base 8
12614366
What is 63754 (base 16) in base 2?
1100011011101010100
Convert 522264 (base 7) to base 9.
146000
What is -58678 (base 15) in base 13?
-9b228
123a9b1 (base 12) to base 16
366415
2831226 (base 10) to base 9
5284636
-22023403 (base 5) to base 9
-317513
-1010110100001101001011 (base 2) to base 16
-2b434b
Convert -285471 (base 11) to base 8.
-1547757
Convert -21203240 (base 5) to base 7.
-1342420
-41410430 (base 6) to base 13
-32c95b
Convert 333261 (base 10) to base 6.
11050513
-15203351 (base 6) to base 15
-a6d8a
What is -1482616 (base 9) in base 12?
-3378b0
Convert -752cbc (base 13) to base 11.
-1607a36
Convert -121112001220 (base 3) to base 14.
-86717
Convert 81696 (base 15) to base 9.
684206
What is -3326a (base 15) in base 7?
-1244623
What is -1145251 (base 7) in base 12?
-70531
What is 1004112 (base 8) in base 13?
93392
What is -395a432 (base 12) in base 4?
-223023123212
What is 1297b (base 14) in base 16?
b2d1
What is 11121211212210 (base 3) in base 11?
1429295
3651621 (base 8) to base 4
3311032101
Convert 444244213 (base 6) to base 9.
16123660
Convert 103342 (base 12) to base 9.
427085
What is -66b48 (base 13) in base 15?
-3a3b2
Convert -12012011000021 (base 3) to base 6.
-135043011
-133727 (base 11) to base 12
-a152b
What is 236a7 (base 11) in base 8?
102506
204333045 (base 6) to base 12
1244185
Convert -135431351 (base 6) to base 15.
-3a1151
What is -2122123101 (base 4) in base 5?
-130220104
What is -2021202121011 (base 3) in base 2?
-100101000110010111111
93f79 (base 16) to base 4
2103331321
What is 1314334 (base 6) in base 10?
72274
Convert 10101110100011101001 (base 2) to base 7.
6035335
33a699 (base 11) to base 14
101348
Convert -68d38 (base 14) to base 10.
-255046
What is 4475154 (base 9) in base 7?
26333041
152104 (base 7) to base 16
736f
Convert 113626 (base 7) to base 6.
235051
96085 (base 14) to base 3
200102000110
What is 4470 (base 13) in base 16?
2553
482a5a (base 11) to base 16
bad55
Convert 3777a8 (base 15) to base 4.
22020321002
Convert -1111111001111110 (base 2) to base 6.
-1221342
What is 12240442 (base 5) in base 13?
41a8c
Convert -691994 (base 10) to base 9.
-1264212
c09679 (base 13) to base 15
5d651d
What is 17629 (base 14) in base 12?
2a071
What is -79833 (base 11) in base 12?
-569a6
What is -3123441412 (base 5) in base 14?
-c053b7
What is 1134155 (base 6) in base 4?
32131313
C